1*n**2 + 23*n + 89. Let f(b) = 9*i(b) - 4*t(b). Calculate f(-9).
-13
Suppose 85 = -6*w + 49. Let a(x) = -7*x**2 - 9*x - 33. Let j(p) = -p**2 - 3. Let f(y) = w*j(y) + a(y). Give f(-10).
-25
Let l(i) be the second derivative of -i**5/20 - 5*i**4/12 + 8*i**3/3 + 13*i**2/2 - 6274*i. What is l(-7)?
-1
Let a(i) = -7*i**2 + 16*i - 87. Let x(b) = -19*b**2 + 48*b - 239. Let m(q) = -8*a(q) + 3*x(q). Give m(14).
7
Let d(l) = -l**3 - 5*l**2 + 8*l + 1. Suppose -4*a = 5*q, -107*q - 30 = 2*a - 112*q. What is d(a)?
-39
Suppose 14*h + 144 = 32*h. Let y be 58*2/16 - 2/h. Let z(q) = -16*q**2 + 41*q - 34. Let g(o) = -3*o**2 + 8*o - 7. Let d(w) = 11*g(w) - 2*z(w). Give d(y).
-16
Suppose -21 = -2*b - 6*g + 3, 5*g + 13 = 2*b. Let c = -27 + 40. Let t(n) = -c + 4 + n + 1. Give t(b).
1
Let v(c) be the first derivative of -1/3*c**3 - 3*c**2 + 1/60*c**5 - 1/12*c**4 + 0*c - 7. Let m(y) be the second derivative of v(y). Calculate m(2).
-2
Let n = -29 + -26. Let a = -53 - n. Let x be a + 10/3*(-54)/(-45). Let y(d) = d + 6. What is y(x)?
12
Let a(r) be the first derivative of r**2/2 + 16*r + 3906. Give a(-3).
13
Let c(j) = 13*j - 1. Suppose 8*q - m - 17 = 3*q, 4*q = -3*m + 6. Suppose q*s = 7 + 20. Let n = 8 - s. Give c(n).
-14
Let g(i) = -i**2 - 7*i + 20. Let x be g(-9). Suppose 0 = x*n - 13 + 33. Let c(v) be the first derivative of v**2/2 + 10*v + 11. What is c(n)?
0
Let n be (-3 + -2)*((-95)/25 + 1). Suppose 4*l = 34 + n. Let w(y) = -3*y**3 + 4*y**3 - l - 2*y + 7*y**2 - 6*y. What is w(-8)?
-12
Let m(r) = -2*r**2 - 35*r + 2. Suppose -73*u = 1136 - 504 + 536. Give m(u).
50
Let p(a) = -22 - 31 - 3*a - 14 + 59. What is p(-4)?
4
Let o(r) = -17*r + 135. Let k be (36/66)/(33/484). What is o(k)?
-1
Let h(r) = -47*r + 10. Let v = 5059 - 5058. Give h(v).
-37
Let o be 75*(-12)/(-18)*1. Suppose 4*w = 34 - o. Let g(d) = -4*d**2 - 8*d + 2. Let h(m) = 9*m**2 + 17*m - 4. Let c(q) = 7*g(q) + 3*h(q). Determine c(w).
6
Suppose -3*c + 66 = -4*k, -4*k - 105 = -c - 75. Let w(t) = t**2 - 20*t + 16. Give w(c).
-20
Let h(r) be the first derivative of -1/6*r**4 - 6 - 9*r**2 + 0*r**3 + 0*r. Let m(g) be the second derivative of h(g). Give m(1).
-4
Let u(b) = -3*b**2 - 4*b - 1. Let d = -522 - -535. Let m = -16 + d. What is u(m)?
-16
Let k(j) = 23 + 0*j - 4*j - 6*j**2 - 2*j**3 + j**3 - 54 + 27. Let c be (-1 - 0)*(-10)/(-2). Determine k(c).
-9
Let j = -2257 + 2251. Let m(q) = 10*q + 43. What is m(j)?
-17
Let u = 302 + -284. Let s be (8 - 9) + 3 - u/2. Let b(h) = h**3 + 7*h**2 + 4*h - 4. Calculate b(s).
-32
Let o = -74 - -79. Suppose -k = 3*m - 17, -o*k + 3*k + m = 1. Let d(c) = c - 2. Let p(w) = 2*w - 3. Let v(g) = -4*d(g) + 3*p(g). Calculate v(k).
3
Let o(i) = -i**3 - 2*i**2 + 6*i - 1. Suppose -20*q - l = -17*q - 78, 15 = 5*l. Suppose 33*u = q*u - 40. What is o(u)?
44
Let m(d) = d**2 + 13. Suppose i - 2 = q + 7, 0 = -i + 4*q. Suppose c + i = 5*r, 3*c = -c - r + 15. Let t be 4 + -6 - -2*(c + -2). Give m(t).
13
Let r(n) = n**2 + 11*n + 15. Let v = -425 - -364. Let b = v - -51. Determine r(b).
5
Let g(u) be the first derivative of u**5/60 + 5*u**4/12 + 11*u**3/6 + 7*u**2 + u + 52. Let w(b) be the second derivative of g(b). What is w(-9)?
2
Let i(g) be the third derivative of -g**6/120 - g**5/15 - g**4/12 + g**3/6 + g**2. Suppose -4*m + 3288 - 3300 = 0. What is i(m)?
-2
Suppose -123*s - 169*s - 21*s + 3130 = 0. Let l(b) be the first derivative of 1/4*b**4 - 7/3*b**3 - 38 + b**2 - s*b. Determine l(7).
4
Let l(v) = -2*v**3 + 3*v**2 + 30*v - 17. Let w(n) = 3*n**3 - 4*n**2 - 48*n + 25. Let d(c) = -7*l(c) - 5*w(c). Calculate d(5).
-6
Let d(y) = -9*y**2 - 8*y - 23. Let q(w) = 40*w**2 + 32*w + 91. Let r(n) = -18*d(n) - 4*q(n). Calculate r(-7).
36
Suppose -53 = -21*y + 10. Let z(i) = -3*i + 2*i + 12 - y*i + i. Determine z(9).
-15
Let u(l) = l - 4*l - 2*l - 1. Let y = -10691 + 10695. Give u(y).
-21
Let f(m) = 95*m**2 + 3*m + 2. Let w(g) = -2*g**2 - 18*g + 139. Let p be w(-14). Determine f(p).
94
Let j(d) = 2*d**2 - 47*d + 198. Let u be j(5). Let y(i) = -4*i + 46. Calculate y(u).
-6
Let w(x) = -x + 3. Let l be w(0). Suppose -8 = -4*q + h, -29 = -3*q + 2*h - 7*h. Let a(f) = -7 + 2 + 2 - 2*f**2 + q*f + l*f**2. Give a(-4).
1
Suppose 168*g - 1539 = -69*g + 66*g. Let f(d) = -7*d - 7. Give f(g).
-70
Let x = 72 - 52. Let b = 22 - x. Let a(t) = -1 - t**2 + 6*t**3 + 2*t**2 - 5*t**3 + 3*t - b*t**3. Calculate a(2).
1
Let d(i) = -36*i**3 - 6*i**2 - 6*i - 2. Let x(g) = -36*g**3 - 4*g**2 - 4*g - 2. Let p(f) = -3*d(f) + 4*x(f). Give p(1).
-34
Let w(g) = -48*g**3 - g**2 + g + 1. Let v be 2/(-8)*(-81 - -85). What is w(v)?
47
Let w(h) be the first derivative of -51*h**2/2 - 53*h - 3218. Give w(-1).
-2
Let u(h) = -h**3 + 4*h**2 - h - 9. Let w be 14*(-18)/378*(-18)/4. Calculate u(w).
-3
Suppose -13 + 48 = 7*a. Suppose -b = -a*t - 16, 2*t + 11 = 4*b + b. Let c(w) = b - 6 + 5*w + 3*w - 7*w. Determine c(6).
1
Let x = 3766 + -3764. Let q(y) = -6*y + 2. Give q(x).
-10
Let g = -1641 + 1651. Let q(o) = -3*o + 20. Determine q(g).
-10
Let c(j) = 2*j**2 - j**2 + 536 - 545. What is c(-4)?
7
Let t(c) = 229*c - 222*c + c**2 + 1 - 5. What is t(-8)?
4
Let k(g) be the second derivative of 3/5*g**5 + 69*g + 1/6*g**4 + 0 + 1/3*g**3 + 1/2*g**2. Determine k(-1).
-11
Let y(j) be the first derivative of j**3/3 + 21*j**2/2 + 41*j + 519. Calculate y(-19).
3
Suppose 5*b + 2*l - 24 = 0, 18 = 5*b - 4*l + 3*l. Suppose 0*i = -5*o + b*i + 27, 3*i = -9. Let g(f) = 3*f - o*f + 2*f - 6*f - f**2. Determine g(-3).
3
Let d(f) = -5*f - 4. Let o be ((-6)/(-27))/(-1) - 808/(-72). Let q(h) = 8*h - 84. Let j be q(o). Give d(j).
-24
Let p(y) be the first derivative of -1/4*y**4 - 2*y - 4/3*y**3 - y**2 + 11. Let v = -60 - -57. What is p(v)?
-5
Let v(c) = -42*c**3 - c - 1. Let s be v(-1). Suppose 4*g + 3*g + s = 0. Let d(r) = -r**2 - 7*r + 4. Determine d(g).
10
Suppose -4*a + 12 = -3*z, 111*z - 119*z - 4*a = 32. Let f(b) = -b**3 - 3*b**2 + 3*b - 2. Determine f(z).
2
Let p(v) = -v**3 - 10*v**2 - v - 10. Let w be p(-10). Let x(k) = -40*k + 0 - 40*k - 39*k - 4 + 118*k - k**2. Calculate x(w).
-4
Let h(w) = 2*w - 2. Let u be 7 + 1/2*6. Suppose 0 = u*n - 8*n - 22. Let v = 13 - n. Calculate h(v).
2
Let s(b) = b + 1. Suppose r = 3*u - 7*u - 6, 2*u - 3*r = 4. Let f(k) = -15*k + 1. Let z be f(u). Suppose -5*m = -p + 2 - 1, 4*m - 5*p = z. Give s(m).
0
Let y be -2*(-2 + (-5)/(-2)). Let u(q) = 53*q + 62*q + 62*q - 24*q - 133*q. Give u(y).
-20
Let v(w) be the second derivative of -5*w**4/12 - w**2/2 - 2*w + 5202. Let p be 1/2*(-3 - -5). Give v(p).
-6
Suppose 0 = 133*s - 488 + 222. Let p(q) be the first derivative of 1/3*q**3 + 2*q - 45 - 5*q**s. Calculate p(9).
-7
Let u = 10 - 17. Let c(g) = 5*g**2 + 0*g**2 + 6 + 3 + 10*g - 4*g**2 + 1. Determine c(u).
-11
Let k = -26 + -12. Let f = k - -41. Let x(r) = r**3 - 4*r**2 - f*r + 4*r**2 - 2. What is x(-2)?
-4
Suppose -10 = -2*b - 0*b. Suppose -i + b*i = 32. Let q be i/16*0/(-1). Let f(o) = -o**3 + o**2 - o + 23. Give f(q).
23
Let s(f) be the second derivative of -f**4/6 - 5*f**3/3 + f**2/2 + 44*f + 39. Determine s(-6).
-11
Let a(c) be the first derivative of -c**2/2 + 4*c + 2202. Suppose 19 = 2*b + 9. Give a(b).
-1
Let y(c) = -9*c**2 - 1. Suppose 58*m - 43 - 15 = 0. Determine y(m).
-10
Let x(c) be the third derivative of c**6/360 + c**5/8 + c**4/8 - c**3/3 - 7*c**2. Let b(l) be the second derivative of x(l). Determine b(-7).
1
Let q(n) be the first derivative of n**3/3 - n**2/2 + 8*n - 61. Let i(l) = l**2 + 10. Let j(u) = 6*i(u) - 7*q(u). What is j(7)?
4
Let v(l) = -l**3 - 16*l**2 - 14*l - 19. Let c(m) = -2*m**3 - 32*m**2 - 24*m - 41. Let b(i) = -3*c(i) + 5*v(i). What is b(-16)?
-4
Let m = 1093 - 1090. Let z(k) = 4*k + 1 - k**3 - 4 - 3*k. Calculate z(m).
-27
Let o(w) = w**2 + 9*w + 22. Suppose 5*m - 113 + 137 = 4*r, 56 = -4*r - 5*m. What is o(r)?
2
Let g(f) = 8*f - 4. Let v be ((6 - 6) + -5)/((-15)/12). Suppose 0 = 22*p - v*p - 54. Calculate g(p).
20
Let c(i) be the third derivative of -i**5/60 - 13*i**4/24 - 5*i**3/3 - i**2 + 6315*i. Let p be (1 - 1) + 2*-6. Determine c(p).
2
Suppose 26*n - 171 - 45 = 44. Let x(d) = 2*d - 15. What is x(n)?
5
Let o(k) = 460*k + 850. Let p(g) = 85*g + 170. Let b(w) = -3*o(w) + 16*p(w). Give b(9).
-10
Let o(n) = -4*n**2 + 10*n + 7. Let f(k) = -k**2 - 2*k. Let b(g) = -3*f(g) + o(g). Let t be b(16). Let l(j) = j**2